hat is the highest common divisor of 833 and 527?
17
What is the highest common factor of 56 and 154?
14
Calculate the highest common factor of 4 and 126.
2
Calculate the highest common divisor of 66 and 132.
66
What is the highest common divisor of 144 and 336?
48
What is the greatest common divisor of 86 and 473?
43
Calculate the greatest common divisor of 168 and 42.
42
Calculate the highest common factor of 40 and 43720.
40
Calculate the greatest common divisor of 78 and 1118.
26
What is the highest common divisor of 14 and 42?
14
What is the highest common divisor of 621 and 276?
69
What is the greatest common factor of 177 and 6549?
177
What is the highest common factor of 12 and 324?
12
Calculate the highest common factor of 1001 and 520.
13
Calculate the highest common divisor of 325 and 25.
25
Calculate the highest common factor of 1295 and 35.
35
Calculate the highest common divisor of 44 and 616.
44
What is the highest common divisor of 253 and 660?
11
What is the highest common factor of 1591 and 74?
37
What is the highest common divisor of 899 and 93?
31
What is the highest common factor of 21 and 75?
3
What is the greatest common factor of 28064 and 24?
8
What is the greatest common divisor of 256 and 8832?
128
What is the highest common factor of 182 and 1586?
26
What is the highest common factor of 15 and 3585?
15
What is the greatest common divisor of 357 and 42?
21
Calculate the highest common divisor of 225 and 6.
3
What is the greatest common factor of 264 and 114?
6
What is the greatest common factor of 33 and 6?
3
What is the highest common divisor of 484 and 121?
121
What is the greatest common factor of 65 and 5?
5
What is the highest common factor of 12 and 768?
12
Calculate the greatest common factor of 32 and 16.
16
What is the greatest common divisor of 90 and 2007?
9
Calculate the greatest common factor of 765 and 340.
85
Calculate the highest common factor of 285 and 4940.
95
What is the highest common divisor of 1456 and 4928?
112
What is the greatest common divisor of 120 and 3228?
12
Calculate the greatest common divisor of 140 and 805.
35
What is the greatest common divisor of 9 and 95139?
9
Calculate the highest common divisor of 1161 and 27.
27
What is the highest common divisor of 29 and 145?
29
Calculate the greatest common divisor of 104 and 156.
52
What is the highest common factor of 2443 and 7?
7
What is the greatest common factor of 30 and 1266?
6
What is the highest common factor of 3450 and 138?
138
What is the highest common factor of 361 and 19?
19
What is the highest common factor of 190 and 646?
38
What is the greatest common divisor of 369 and 41?
41
Calculate the greatest common factor of 70 and 770.
70
What is the highest common factor of 60 and 25?
5
What is the greatest common factor of 8 and 17896?
8
What is the greatest common divisor of 119 and 136?
17
What is the greatest common factor of 26668 and 944?
236
Calculate the greatest common factor of 1905 and 254.
127
Calculate the greatest common factor of 5555 and 165.
55
What is the highest common divisor of 28 and 700?
28
Calculate the highest common factor of 228 and 741.
57
What is the greatest common factor of 559 and 129?
43
What is the greatest common factor of 448 and 196?
28
Calculate the highest common divisor of 520 and 65.
65
Calculate the highest common factor of 1415 and 5.
5
What is the highest common factor of 1372 and 56?
28
What is the greatest common divisor of 18 and 3294?
18
Calculate the highest common factor of 30 and 160.
10
Calculate the greatest common divisor of 41 and 1681.
41
What is the highest common divisor of 2889 and 27?
27
What is the greatest common factor of 162 and 144?
18
Calculate the greatest common factor of 75 and 60.
15
Calculate the greatest common divisor of 16 and 3824.
16
Calculate the greatest common factor of 13 and 2288.
13
Calculate the highest common divisor of 1890 and 385.
35
What is the greatest common factor of 19 and 1311?
19
What is the greatest common factor of 904 and 40?
8
Calculate the greatest common factor of 11 and 869.
11
Calculate the highest common divisor of 37 and 62641.
37
Calculate the highest common divisor of 26 and 598.
26
Calculate the highest common divisor of 20 and 170.
10
What is the greatest common divisor of 10 and 85?
5
Calculate the greatest common factor of 108 and 684.
36
What is the greatest common factor of 1815 and 135?
15
What is the highest common factor of 484 and 363?
121
What is the highest common factor of 2586 and 30?
6
What is the greatest common divisor of 44 and 3135?
11
What is the highest common factor of 12079 and 188?
47
Calculate the greatest common divisor of 298 and 37697.
149
Calculate the highest common divisor of 15 and 3.
3
What is the greatest common divisor of 6632 and 32?
8
What is the highest common divisor of 2799 and 27?
9
Calculate the greatest common factor of 18 and 23.
1
What is the greatest common divisor of 4236 and 8?
4
What is the highest common divisor of 4 and 2848?
4
What is the greatest common divisor of 448 and 2880?
64
Calculate the greatest common factor of 990 and 275.
55
Calculate the highest common factor of 6438 and 222.
222
Calculate the greatest common divisor of 14 and 686.
14
Calculate the greatest common divisor of 725 and 550.
25
What is the highest common divisor of 352 and 64?
32
What is the greatest common factor of 5 and 135?
5
What is the highest common factor of 39400 and 200?
200
Calculate the highest common factor of 378 and 1593.
27
Calculate the greatest common factor of 36 and 20.
4
Calculate the greatest common factor of 793 and 61.
61
Calculate the highest common divisor of 350 and 200.
50
Calculate the greatest common factor of 31 and 56978.
31
What is the greatest common divisor of 366 and 27?
3
Calculate the greatest common factor of 28 and 238.
14
What is the greatest common factor of 136 and 32?
8
Calculate the highest common divisor of 1428 and 21.
21
Calculate the highest common divisor of 707 and 101.
101
What is the highest common factor of 80 and 3888?
16
What is the greatest common factor of 12711 and 57?
57
Calculate the highest common factor of 207 and 138.
69
What is the highest common divisor of 14 and 658?
14
Calculate the greatest common divisor of 6466 and 6.
2
Calculate the highest common factor of 96 and 36.
12
Calculate the greatest common factor of 154 and 27874.
154
What is the greatest common divisor of 117 and 12?
3
What is the greatest common factor of 91 and 147?
7
What is the greatest common divisor of 319 and 22?
11
What is the greatest common factor of 792 and 16?
8
Calculate the highest common factor of 9664 and 151.
151
Calculate the greatest common factor of 22 and 550.
22
What is the greatest common divisor of 80 and 2090?
10
Calculate the greatest common divisor of 50 and 3850.
50
What is the highest common factor of 36 and 12?
12
What is the highest common divisor of 8 and 397?
1
Calculate the greatest common factor of 54 and 24.
6
What is the highest common factor of 7014 and 42?
42
What is the highest common factor of 931 and 392?
49
Calculate the highest common factor of 21 and 903.
21
What is the greatest common divisor of 5409 and 9?
9
Calculate the highest common factor of 102 and 4046.
34
Calculate the greatest common divisor of 788 and 4.
4
What is the highest common divisor of 98 and 126?
14
Calculate the greatest common divisor of 50 and 730.
10
Calculate the greatest common divisor of 135 and 9.
9
What is the highest common factor of 128 and 4?
4
Calculate the greatest common factor of 7 and 6.
1
What is the greatest common factor of 47 and 47?
47
Calculate the highest common factor of 157 and 28731.
157
What is the highest common divisor of 8 and 5164?
4
What is the highest common divisor of 12 and 1572?
12
Calculate the greatest common divisor of 688 and 16.
16
Calculate the highest common factor of 10794 and 14.
14
Calculate the highest common divisor of 470 and 1504.
94
What is the greatest common divisor of 384 and 426?
6
Calculate the highest common factor of 45 and 1665.
45
Calculate the highest common divisor of 545 and 4687.
109
What is the highest common divisor of 243 and 54?
27
Calculate the greatest common divisor of 160 a